{"id":9177,"date":"2022-11-22T22:58:35","date_gmt":"2022-11-22T22:58:35","guid":{"rendered":"https:\/\/hotelesms.com\/\/hotel-hilton-garden-inn\/?page_id=9177"},"modified":"2024-05-21T20:49:03","modified_gmt":"2024-05-21T20:49:03","slug":"habitacion-king-con-balcon","status":"publish","type":"page","link":"https:\/\/hotelesms.com\/\/hotel-hilton-garden-inn\/habitaciones-en-hotel-hilton-garden-inn\/habitacion-king-con-balcon\/","title":{"rendered":"Habitaci\u00f3n King con balc\u00f3n"},"content":{"rendered":"<section class=\"l-section wpb_row height_auto full_height valign_center color_primary with_img parallax_ver\"><div class=\"l-section-img\" style=\"background-image: url(https:\/\/hotelesms.com\/\/hotel-hilton-garden-inn\/wp-content\/uploads\/sites\/5\/2022\/11\/Habitacion-King-con-Balcon-Hotel-Hilton-Garden-Inn-Cali.jpg);\" data-img-width=\"900\" data-img-height=\"600\"><\/div><div class=\"l-section-overlay\" style=\"background:rgba(0,0,0,0.40)\"><\/div><div class=\"l-section-h i-cf\"><div class=\"g-cols vc_row via_grid cols_1 laptops-cols_inherit tablets-cols_inherit mobiles-cols_1 valign_top type_default stacking_default\"><div class=\"wpb_column vc_column_container\"><div class=\"vc_column-inner\"><div class=\"g-cols wpb_row via_grid cols_1-4-1 laptops-cols_inherit tablets-cols_inherit mobiles-cols_1 valign_top type_default stacking_default\"><div class=\"wpb_column vc_column_container\"><div class=\"vc_column-inner\"><\/div><\/div><div class=\"wpb_column vc_column_container\"><div class=\"vc_column-inner\"><div class=\"w-separator size_medium\"><\/div><div class=\"wpb_text_column\"><div class=\"wpb_wrapper\"><h3 style=\"text-align: center\">Habitaci\u00f3n King con balc\u00f3n<\/h3>\n<\/div><\/div><div class=\"w-separator size_medium\"><\/div><div class=\"wpb_text_column\"><div class=\"wpb_wrapper\"><p style=\"text-align: center\">En nuestras habitaci\u00f3n king con balc\u00f3n puedes disfrutar de Cali con una excelente vista a la ciudad, como la que se observa desde el balc\u00f3n de nuestra habitaci\u00f3n, compuesta por una cama king y detalles como nevera, m\u00e1quina de caf\u00e9 expreso, secador de pelo. la tranquilidad del sector y la amabilidad de nuestro equipo har\u00e1n de tu estad\u00eda una experiencia que vas a querer repetir.<\/p>\n<\/div><\/div><\/div><\/div><div class=\"wpb_column vc_column_container\"><div class=\"vc_column-inner\"><\/div><\/div><\/div><div class=\"g-cols wpb_row via_grid cols_1-4-1 laptops-cols_inherit tablets-cols_inherit mobiles-cols_1 valign_top type_default stacking_default\"><div class=\"wpb_column vc_column_container\"><div class=\"vc_column-inner\"><div class=\"w-separator size_large\"><\/div><\/div><\/div><div class=\"wpb_column vc_column_container\"><div class=\"vc_column-inner\"><div class=\"w-separator size_large\"><\/div><div class=\"w-tabs layout_ver navwidth_auto navpos_left style_simple switch_click has_scrolling\" style=\"--sections-title-size:1em\"><div class=\"w-tabs-list items_5 align_none\"><div class=\"w-tabs-list-h\"><button class=\"w-tabs-item with_icon\" aria-controls=\"content-v3a6\"><i class=\"fal fa-heart\"><\/i><span class=\"w-tabs-item-title\">Comodidades<\/span><\/button><button class=\"w-tabs-item with_icon\" aria-controls=\"content-l4b4\"><i class=\"fal fa-bed\"><\/i><span class=\"w-tabs-item-title\">Dotaci\u00f3n<\/span><\/button><button class=\"w-tabs-item with_icon\" aria-controls=\"content-o5bd\"><i class=\"fal fa-concierge-bell\"><\/i><span class=\"w-tabs-item-title\">Pol\u00edticas<\/span><\/button><button class=\"w-tabs-item with_icon\" aria-controls=\"content-b6df\"><i class=\"fal fa-star\"><\/i><span class=\"w-tabs-item-title\">Servicios<\/span><\/button><button class=\"w-tabs-item active defined-active with_icon\" aria-controls=\"content-y946\"><i class=\"fas fa-clock\"><\/i><span class=\"w-tabs-item-title\">Horarios<\/span><\/button><\/div><\/div><div class=\"w-tabs-sections titles-align_none icon_chevron cpos_right\"><div class=\"w-tabs-section\" id=\"v3a6\"><button aria-controls=\"content-v3a6\" class=\"w-tabs-section-header with_icon\"><i class=\"fal fa-heart\"><\/i><div class=\"w-tabs-section-title\">Comodidades<\/div><div class=\"w-tabs-section-control\"><\/div><\/button><div  class=\"w-tabs-section-content\" id=\"content-v3a6\" aria-expanded=\"false\"><div class=\"w-tabs-section-content-h i-cf\"><div class=\"wpb_text_column\"><div class=\"wpb_wrapper\"><ul>\n<li>Aire Acondicionado<\/li>\n<li>Agua fr\u00eda y caliente<\/li>\n<li>Amenities<\/li>\n<li>Toallas<\/li>\n<li>Secador de cabello<\/li>\n<li>Refrigerador peque\u00f1o<\/li>\n<\/ul>\n<\/div><\/div><\/div><\/div><\/div><div class=\"w-tabs-section\" id=\"l4b4\"><button aria-controls=\"content-l4b4\" class=\"w-tabs-section-header with_icon\"><i class=\"fal fa-bed\"><\/i><div class=\"w-tabs-section-title\">Dotaci\u00f3n<\/div><div class=\"w-tabs-section-control\"><\/div><\/button><div  class=\"w-tabs-section-content\" id=\"content-l4b4\" aria-expanded=\"false\"><div class=\"w-tabs-section-content-h i-cf\"><div class=\"wpb_text_column\"><div class=\"wpb_wrapper\"><ul>\n<li>Cama king<\/li>\n<li>Lencer\u00eda fina<\/li>\n<li>Plancha y tabla de planchar<\/li>\n<li>Reloj despertador<\/li>\n<li>Tv Smart 42\u201d<\/li>\n<li>Mesas de noche<\/li>\n<li>Cajilla de seguridad<\/li>\n<li>Closet con ocho ganchos<\/li>\n<li>Mesa y silla<\/li>\n<\/ul>\n<\/div><\/div><\/div><\/div><\/div><div class=\"w-tabs-section\" id=\"o5bd\"><button aria-controls=\"content-o5bd\" class=\"w-tabs-section-header with_icon\"><i class=\"fal fa-concierge-bell\"><\/i><div class=\"w-tabs-section-title\">Pol\u00edticas<\/div><div class=\"w-tabs-section-control\"><\/div><\/button><div  class=\"w-tabs-section-content\" id=\"content-o5bd\" aria-expanded=\"false\"><div class=\"w-tabs-section-content-h i-cf\"><div class=\"wpb_text_column\"><div class=\"wpb_wrapper\"><ul>\n<li>Check in: 15:00<\/li>\n<li>Check out: 12:00m<\/li>\n<li>Pueden alojarse ni\u00f1os de todas las edades<\/li>\n<li>Parqueadero gratuito<\/li>\n<\/ul>\n<p><strong>Cancelaciones<\/strong><\/p>\n<p>Las cancelaciones de la reserva deben hacerse antes de las 72 horas de la entrada al hotel, de lo contrario se efectuar\u00e1 el cargo de la primera noche a tu cuenta.<\/p>\n<\/div><\/div><\/div><\/div><\/div><div class=\"w-tabs-section\" id=\"b6df\"><button aria-controls=\"content-b6df\" class=\"w-tabs-section-header with_icon\"><i class=\"fal fa-star\"><\/i><div class=\"w-tabs-section-title\">Servicios<\/div><div class=\"w-tabs-section-control\"><\/div><\/button><div  class=\"w-tabs-section-content\" id=\"content-b6df\" aria-expanded=\"false\"><div class=\"w-tabs-section-content-h i-cf\"><div class=\"wpb_text_column\"><div class=\"wpb_wrapper\"><ul>\n<li>Restaurante<\/li>\n<li>Room Service (con costo adicional)<\/li>\n<li>Lavander\u00eda (con costo adicional)<\/li>\n<li>Business center<\/li>\n<li>Internet WiFi<\/li>\n<li>Parqueadero en bah\u00eda (limitado)<\/li>\n<li>Sol\u00e1rium<\/li>\n<li>Zona h\u00fameda con jacuzzi y turco<\/li>\n<li>Zona de ejercicio<\/li>\n<li>Llamadas locales y larga distancia (costo adicional)<\/li>\n<\/ul>\n<\/div><\/div><\/div><\/div><\/div><div class=\"w-tabs-section active\" id=\"y946\"><button aria-controls=\"content-y946\" class=\"w-tabs-section-header active with_icon\"><i class=\"fas fa-clock\"><\/i><div class=\"w-tabs-section-title\">Horarios<\/div><div class=\"w-tabs-section-control\"><\/div><\/button><div  class=\"w-tabs-section-content\" id=\"content-y946\" aria-expanded=\"true\"><div class=\"w-tabs-section-content-h i-cf\"><div class=\"w-iconbox iconpos_left style_default color_custom align_left\"><div class=\"w-iconbox-icon\" style=\"font-size:0,8rem;color:#ffffff;\"><i class=\"fas fa-angle-double-right\"><\/i><\/div><div class=\"w-iconbox-meta\"><h6 class=\"w-iconbox-title\">Check in<\/h6><div class=\"w-iconbox-text\"><p>Check in: 15:00<\/p>\n<\/div><\/div><\/div><div class=\"w-separator size_small\"><\/div><div class=\"w-iconbox iconpos_left style_default color_custom align_left\"><div class=\"w-iconbox-icon\" style=\"font-size:0,8rem;color:#ffffff;\"><i class=\"fas fa-angle-double-left\"><\/i><\/div><div class=\"w-iconbox-meta\"><h6 class=\"w-iconbox-title\">Check out<\/h6><div class=\"w-iconbox-text\"><p>Check out: 12:00<\/p>\n<\/div><\/div><\/div><div class=\"w-separator size_small\"><\/div><div class=\"w-iconbox iconpos_left style_default color_custom align_left\"><div class=\"w-iconbox-icon\" style=\"font-size:0,8rem;color:#ffffff;\"><i class=\"fal fa-coffee\"><\/i><\/div><div class=\"w-iconbox-meta\"><h6 class=\"w-iconbox-title\">Desayuno<\/h6><div class=\"w-iconbox-text\"><p>Desayuno: de lunes a domingo y festivos: 6:00 am a 10:00 am<\/p>\n<\/div><\/div><\/div><\/div><\/div><\/div><\/div><\/div><\/div><\/div><div class=\"wpb_column vc_column_container\"><div class=\"vc_column-inner\"><\/div><\/div><\/div><div class=\"w-separator size_large\"><\/div><div class=\"w-btn-wrapper align_center\"><a class=\"w-btn us-btn-style_11 us_custom_1b04de86\" title=\"Habitaciones\" href=\"https:\/\/hotelesms.hoteldigital.co\/hotel-hilton-garden-inn\/habitaciones\/\"><span class=\"w-btn-label\">VER M\u00c1S HABITACIONES<\/span><\/a><\/div><div class=\"w-separator size_medium\"><\/div><\/div><\/div><\/div><\/div><\/section>\n","protected":false},"excerpt":{"rendered":"Habitaci\u00f3n King con balc\u00f3n En nuestras habitaci\u00f3n king con balc\u00f3n puedes disfrutar de Cali con una excelente vista a la ciudad, como la que se observa desde el balc\u00f3n de nuestra habitaci\u00f3n, compuesta por una cama king y detalles como nevera, m\u00e1quina de caf\u00e9 expreso, secador de pelo. la tranquilidad del sector y la amabilidad...","protected":false},"author":1,"featured_media":9533,"parent":8244,"menu_order":0,"comment_status":"closed","ping_status":"closed","template":"","meta":{"footnotes":""},"class_list":["post-9177","page","type-page","status-publish","has-post-thumbnail","hentry"],"acf":[],"yoast_head":"<!-- This site is optimized with the Yoast SEO plugin v27.4 - https:\/\/yoast.com\/product\/yoast-seo-wordpress\/ -->\n<title>Habitaci\u00f3n King con balc\u00f3n - Hotel Hilton Garden Inn<\/title>\n<meta name=\"robots\" content=\"index, follow, max-snippet:-1, max-image-preview:large, max-video-preview:-1\" \/>\n<link rel=\"canonical\" href=\"http:\/\/hotelesms.com\/\/hotel-hilton-garden-inn\/habitaciones-en-hotel-hilton-garden-inn\/habitacion-king-con-balcon\/\" \/>\n<meta property=\"og:locale\" content=\"es_ES\" \/>\n<meta property=\"og:type\" content=\"article\" \/>\n<meta property=\"og:title\" content=\"Habitaci\u00f3n King con balc\u00f3n - Hotel Hilton Garden Inn\" \/>\n<meta property=\"og:url\" content=\"http:\/\/hotelesms.com\/\/hotel-hilton-garden-inn\/habitaciones-en-hotel-hilton-garden-inn\/habitacion-king-con-balcon\/\" \/>\n<meta property=\"og:site_name\" content=\"Hotel Hilton Garden Inn\" \/>\n<meta property=\"article:modified_time\" content=\"2024-05-21T20:49:03+00:00\" \/>\n<meta property=\"og:image\" content=\"http:\/\/hotelesms.com\/\/hotel-hilton-garden-inn\/wp-content\/uploads\/sites\/5\/2024\/05\/Habitacion-King-con-Balcon-Hotel-Hilton-Garden-Inn-Cali.webp\" \/>\n\t<meta property=\"og:image:width\" content=\"900\" \/>\n\t<meta property=\"og:image:height\" content=\"600\" \/>\n\t<meta property=\"og:image:type\" content=\"image\/webp\" \/>\n<meta name=\"twitter:card\" content=\"summary_large_image\" \/>\n<meta name=\"twitter:label1\" content=\"Tiempo de lectura\" \/>\n\t<meta name=\"twitter:data1\" content=\"2 minutos\" \/>\n<script type=\"application\/ld+json\" class=\"yoast-schema-graph\">{\"@context\":\"https:\\\/\\\/schema.org\",\"@graph\":[{\"@type\":\"WebPage\",\"@id\":\"http:\\\/\\\/hotelesms.com\\\/\\\/hotel-hilton-garden-inn\\\/habitaciones-en-hotel-hilton-garden-inn\\\/habitacion-king-con-balcon\\\/\",\"url\":\"http:\\\/\\\/hotelesms.com\\\/\\\/hotel-hilton-garden-inn\\\/habitaciones-en-hotel-hilton-garden-inn\\\/habitacion-king-con-balcon\\\/\",\"name\":\"Habitaci\u00f3n King con balc\u00f3n - Hotel Hilton Garden Inn\",\"isPartOf\":{\"@id\":\"http:\\\/\\\/hotelesms.com\\\/\\\/hotel-hilton-garden-inn\\\/#website\"},\"primaryImageOfPage\":{\"@id\":\"http:\\\/\\\/hotelesms.com\\\/\\\/hotel-hilton-garden-inn\\\/habitaciones-en-hotel-hilton-garden-inn\\\/habitacion-king-con-balcon\\\/#primaryimage\"},\"image\":{\"@id\":\"http:\\\/\\\/hotelesms.com\\\/\\\/hotel-hilton-garden-inn\\\/habitaciones-en-hotel-hilton-garden-inn\\\/habitacion-king-con-balcon\\\/#primaryimage\"},\"thumbnailUrl\":\"https:\\\/\\\/hotelesms.com\\\/\\\/hotel-hilton-garden-inn\\\/wp-content\\\/uploads\\\/sites\\\/5\\\/2024\\\/05\\\/Habitacion-King-con-Balcon-Hotel-Hilton-Garden-Inn-Cali.webp\",\"datePublished\":\"2022-11-22T22:58:35+00:00\",\"dateModified\":\"2024-05-21T20:49:03+00:00\",\"breadcrumb\":{\"@id\":\"http:\\\/\\\/hotelesms.com\\\/\\\/hotel-hilton-garden-inn\\\/habitaciones-en-hotel-hilton-garden-inn\\\/habitacion-king-con-balcon\\\/#breadcrumb\"},\"inLanguage\":\"es\",\"potentialAction\":[{\"@type\":\"ReadAction\",\"target\":[\"http:\\\/\\\/hotelesms.com\\\/\\\/hotel-hilton-garden-inn\\\/habitaciones-en-hotel-hilton-garden-inn\\\/habitacion-king-con-balcon\\\/\"]}]},{\"@type\":\"ImageObject\",\"inLanguage\":\"es\",\"@id\":\"http:\\\/\\\/hotelesms.com\\\/\\\/hotel-hilton-garden-inn\\\/habitaciones-en-hotel-hilton-garden-inn\\\/habitacion-king-con-balcon\\\/#primaryimage\",\"url\":\"https:\\\/\\\/hotelesms.com\\\/\\\/hotel-hilton-garden-inn\\\/wp-content\\\/uploads\\\/sites\\\/5\\\/2024\\\/05\\\/Habitacion-King-con-Balcon-Hotel-Hilton-Garden-Inn-Cali.webp\",\"contentUrl\":\"https:\\\/\\\/hotelesms.com\\\/\\\/hotel-hilton-garden-inn\\\/wp-content\\\/uploads\\\/sites\\\/5\\\/2024\\\/05\\\/Habitacion-King-con-Balcon-Hotel-Hilton-Garden-Inn-Cali.webp\",\"width\":900,\"height\":600,\"caption\":\"Habitaci\u00f3n King con Balc\u00f3n Hotel Garden Inn MS Cali\"},{\"@type\":\"BreadcrumbList\",\"@id\":\"http:\\\/\\\/hotelesms.com\\\/\\\/hotel-hilton-garden-inn\\\/habitaciones-en-hotel-hilton-garden-inn\\\/habitacion-king-con-balcon\\\/#breadcrumb\",\"itemListElement\":[{\"@type\":\"ListItem\",\"position\":1,\"name\":\"Portada\",\"item\":\"http:\\\/\\\/hotelesms.com\\\/\\\/hotel-hilton-garden-inn\\\/\"},{\"@type\":\"ListItem\",\"position\":2,\"name\":\"Habitaciones\",\"item\":\"http:\\\/\\\/hotelesms.com\\\/\\\/hotel-hilton-garden-inn\\\/habitaciones-en-hotel-hilton-garden-inn\\\/\"},{\"@type\":\"ListItem\",\"position\":3,\"name\":\"Habitaci\u00f3n King con balc\u00f3n\"}]},{\"@type\":\"WebSite\",\"@id\":\"http:\\\/\\\/hotelesms.com\\\/\\\/hotel-hilton-garden-inn\\\/#website\",\"url\":\"http:\\\/\\\/hotelesms.com\\\/\\\/hotel-hilton-garden-inn\\\/\",\"name\":\"Hotel Hilton Garden Inn\",\"description\":\"Cadena hotelera colombiana de est\u00e1ndares internacionales\",\"publisher\":{\"@id\":\"http:\\\/\\\/hotelesms.com\\\/\\\/hotel-hilton-garden-inn\\\/#organization\"},\"potentialAction\":[{\"@type\":\"SearchAction\",\"target\":{\"@type\":\"EntryPoint\",\"urlTemplate\":\"http:\\\/\\\/hotelesms.com\\\/\\\/hotel-hilton-garden-inn\\\/?s={search_term_string}\"},\"query-input\":{\"@type\":\"PropertyValueSpecification\",\"valueRequired\":true,\"valueName\":\"search_term_string\"}}],\"inLanguage\":\"es\"},{\"@type\":\"Organization\",\"@id\":\"http:\\\/\\\/hotelesms.com\\\/\\\/hotel-hilton-garden-inn\\\/#organization\",\"name\":\"Hotel Hilton Garden Inn, Cali\",\"url\":\"http:\\\/\\\/hotelesms.com\\\/\\\/hotel-hilton-garden-inn\\\/\",\"logo\":{\"@type\":\"ImageObject\",\"inLanguage\":\"es\",\"@id\":\"http:\\\/\\\/hotelesms.com\\\/\\\/hotel-hilton-garden-inn\\\/#\\\/schema\\\/logo\\\/image\\\/\",\"url\":\"https:\\\/\\\/hotelesms.com\\\/\\\/hotel-hilton-garden-inn\\\/wp-content\\\/uploads\\\/sites\\\/5\\\/2022\\\/08\\\/Logo-Hilton-horizontal-color.png\",\"contentUrl\":\"https:\\\/\\\/hotelesms.com\\\/\\\/hotel-hilton-garden-inn\\\/wp-content\\\/uploads\\\/sites\\\/5\\\/2022\\\/08\\\/Logo-Hilton-horizontal-color.png\",\"width\":600,\"height\":202,\"caption\":\"Hotel Hilton Garden Inn, Cali\"},\"image\":{\"@id\":\"http:\\\/\\\/hotelesms.com\\\/\\\/hotel-hilton-garden-inn\\\/#\\\/schema\\\/logo\\\/image\\\/\"}}]}<\/script>\n<!-- \/ Yoast SEO plugin. -->","yoast_head_json":{"title":"Habitaci\u00f3n King con balc\u00f3n - Hotel Hilton Garden Inn","robots":{"index":"index","follow":"follow","max-snippet":"max-snippet:-1","max-image-preview":"max-image-preview:large","max-video-preview":"max-video-preview:-1"},"canonical":"http:\/\/hotelesms.com\/\/hotel-hilton-garden-inn\/habitaciones-en-hotel-hilton-garden-inn\/habitacion-king-con-balcon\/","og_locale":"es_ES","og_type":"article","og_title":"Habitaci\u00f3n King con balc\u00f3n - Hotel Hilton Garden Inn","og_url":"http:\/\/hotelesms.com\/\/hotel-hilton-garden-inn\/habitaciones-en-hotel-hilton-garden-inn\/habitacion-king-con-balcon\/","og_site_name":"Hotel Hilton Garden Inn","article_modified_time":"2024-05-21T20:49:03+00:00","og_image":[{"width":900,"height":600,"url":"http:\/\/hotelesms.com\/\/hotel-hilton-garden-inn\/wp-content\/uploads\/sites\/5\/2024\/05\/Habitacion-King-con-Balcon-Hotel-Hilton-Garden-Inn-Cali.webp","type":"image\/webp"}],"twitter_card":"summary_large_image","twitter_misc":{"Tiempo de lectura":"2 minutos"},"schema":{"@context":"https:\/\/schema.org","@graph":[{"@type":"WebPage","@id":"http:\/\/hotelesms.com\/\/hotel-hilton-garden-inn\/habitaciones-en-hotel-hilton-garden-inn\/habitacion-king-con-balcon\/","url":"http:\/\/hotelesms.com\/\/hotel-hilton-garden-inn\/habitaciones-en-hotel-hilton-garden-inn\/habitacion-king-con-balcon\/","name":"Habitaci\u00f3n King con balc\u00f3n - Hotel Hilton Garden Inn","isPartOf":{"@id":"http:\/\/hotelesms.com\/\/hotel-hilton-garden-inn\/#website"},"primaryImageOfPage":{"@id":"http:\/\/hotelesms.com\/\/hotel-hilton-garden-inn\/habitaciones-en-hotel-hilton-garden-inn\/habitacion-king-con-balcon\/#primaryimage"},"image":{"@id":"http:\/\/hotelesms.com\/\/hotel-hilton-garden-inn\/habitaciones-en-hotel-hilton-garden-inn\/habitacion-king-con-balcon\/#primaryimage"},"thumbnailUrl":"https:\/\/hotelesms.com\/\/hotel-hilton-garden-inn\/wp-content\/uploads\/sites\/5\/2024\/05\/Habitacion-King-con-Balcon-Hotel-Hilton-Garden-Inn-Cali.webp","datePublished":"2022-11-22T22:58:35+00:00","dateModified":"2024-05-21T20:49:03+00:00","breadcrumb":{"@id":"http:\/\/hotelesms.com\/\/hotel-hilton-garden-inn\/habitaciones-en-hotel-hilton-garden-inn\/habitacion-king-con-balcon\/#breadcrumb"},"inLanguage":"es","potentialAction":[{"@type":"ReadAction","target":["http:\/\/hotelesms.com\/\/hotel-hilton-garden-inn\/habitaciones-en-hotel-hilton-garden-inn\/habitacion-king-con-balcon\/"]}]},{"@type":"ImageObject","inLanguage":"es","@id":"http:\/\/hotelesms.com\/\/hotel-hilton-garden-inn\/habitaciones-en-hotel-hilton-garden-inn\/habitacion-king-con-balcon\/#primaryimage","url":"https:\/\/hotelesms.com\/\/hotel-hilton-garden-inn\/wp-content\/uploads\/sites\/5\/2024\/05\/Habitacion-King-con-Balcon-Hotel-Hilton-Garden-Inn-Cali.webp","contentUrl":"https:\/\/hotelesms.com\/\/hotel-hilton-garden-inn\/wp-content\/uploads\/sites\/5\/2024\/05\/Habitacion-King-con-Balcon-Hotel-Hilton-Garden-Inn-Cali.webp","width":900,"height":600,"caption":"Habitaci\u00f3n King con Balc\u00f3n Hotel Garden Inn MS Cali"},{"@type":"BreadcrumbList","@id":"http:\/\/hotelesms.com\/\/hotel-hilton-garden-inn\/habitaciones-en-hotel-hilton-garden-inn\/habitacion-king-con-balcon\/#breadcrumb","itemListElement":[{"@type":"ListItem","position":1,"name":"Portada","item":"http:\/\/hotelesms.com\/\/hotel-hilton-garden-inn\/"},{"@type":"ListItem","position":2,"name":"Habitaciones","item":"http:\/\/hotelesms.com\/\/hotel-hilton-garden-inn\/habitaciones-en-hotel-hilton-garden-inn\/"},{"@type":"ListItem","position":3,"name":"Habitaci\u00f3n King con balc\u00f3n"}]},{"@type":"WebSite","@id":"http:\/\/hotelesms.com\/\/hotel-hilton-garden-inn\/#website","url":"http:\/\/hotelesms.com\/\/hotel-hilton-garden-inn\/","name":"Hotel Hilton Garden Inn","description":"Cadena hotelera colombiana de est\u00e1ndares internacionales","publisher":{"@id":"http:\/\/hotelesms.com\/\/hotel-hilton-garden-inn\/#organization"},"potentialAction":[{"@type":"SearchAction","target":{"@type":"EntryPoint","urlTemplate":"http:\/\/hotelesms.com\/\/hotel-hilton-garden-inn\/?s={search_term_string}"},"query-input":{"@type":"PropertyValueSpecification","valueRequired":true,"valueName":"search_term_string"}}],"inLanguage":"es"},{"@type":"Organization","@id":"http:\/\/hotelesms.com\/\/hotel-hilton-garden-inn\/#organization","name":"Hotel Hilton Garden Inn, Cali","url":"http:\/\/hotelesms.com\/\/hotel-hilton-garden-inn\/","logo":{"@type":"ImageObject","inLanguage":"es","@id":"http:\/\/hotelesms.com\/\/hotel-hilton-garden-inn\/#\/schema\/logo\/image\/","url":"https:\/\/hotelesms.com\/\/hotel-hilton-garden-inn\/wp-content\/uploads\/sites\/5\/2022\/08\/Logo-Hilton-horizontal-color.png","contentUrl":"https:\/\/hotelesms.com\/\/hotel-hilton-garden-inn\/wp-content\/uploads\/sites\/5\/2022\/08\/Logo-Hilton-horizontal-color.png","width":600,"height":202,"caption":"Hotel Hilton Garden Inn, Cali"},"image":{"@id":"http:\/\/hotelesms.com\/\/hotel-hilton-garden-inn\/#\/schema\/logo\/image\/"}}]}},"_links":{"self":[{"href":"https:\/\/hotelesms.com\/\/hotel-hilton-garden-inn\/wp-json\/wp\/v2\/pages\/9177","targetHints":{"allow":["GET"]}}],"collection":[{"href":"https:\/\/hotelesms.com\/\/hotel-hilton-garden-inn\/wp-json\/wp\/v2\/pages"}],"about":[{"href":"https:\/\/hotelesms.com\/\/hotel-hilton-garden-inn\/wp-json\/wp\/v2\/types\/page"}],"author":[{"embeddable":true,"href":"https:\/\/hotelesms.com\/\/hotel-hilton-garden-inn\/wp-json\/wp\/v2\/users\/1"}],"replies":[{"embeddable":true,"href":"https:\/\/hotelesms.com\/\/hotel-hilton-garden-inn\/wp-json\/wp\/v2\/comments?post=9177"}],"version-history":[{"count":5,"href":"https:\/\/hotelesms.com\/\/hotel-hilton-garden-inn\/wp-json\/wp\/v2\/pages\/9177\/revisions"}],"predecessor-version":[{"id":9534,"href":"https:\/\/hotelesms.com\/\/hotel-hilton-garden-inn\/wp-json\/wp\/v2\/pages\/9177\/revisions\/9534"}],"up":[{"embeddable":true,"href":"https:\/\/hotelesms.com\/\/hotel-hilton-garden-inn\/wp-json\/wp\/v2\/pages\/8244"}],"wp:featuredmedia":[{"embeddable":true,"href":"https:\/\/hotelesms.com\/\/hotel-hilton-garden-inn\/wp-json\/wp\/v2\/media\/9533"}],"wp:attachment":[{"href":"https:\/\/hotelesms.com\/\/hotel-hilton-garden-inn\/wp-json\/wp\/v2\/media?parent=9177"}],"curies":[{"name":"wp","href":"https:\/\/api.w.org\/{rel}","templated":true}]}}